 (4 - 6) - (-45 - -33))?
78
Calculate 24 + -14 + -11 + -59 - -36.
-24
Evaluate -5 - -37 - (24 + 116 + -141).
33
What is -404 + 402 - (-5 - 2)?
5
Calculate -13 - (27 + 6) - (-14 + 4).
-36
What is 28 + (1 - (-6 + 0) - (-50 + 68))?
17
Evaluate -1071 - -1076 - (-48 - (2 + -5 + 3)).
53
What is the value of 25 - (4 - (18 - -4))?
43
(-2 - -15) + 3 + (-13 - 5)
-2
Evaluate (-24 - -19) + 0 + -10 + (29 - -14).
28
What is the value of 2 + (-1 - (-6 - (9 + -6))) + 4?
14
Calculate 8 + ((-12 - -20) + (-5 - 0) - 9).
2
Evaluate -1 + (1 - -8) - (-2 + (18 - -1) - 0).
-9
What is 13 - -1 - (29 + (-58 - -16) + (-62 - -2))?
87
Calculate (0 - -1 - 4) + (-769 - -834).
62
Calculate -58 + -6 + 10 + -19 + -1 + 11.
-63
What is the value of -31 + (25 - (-18 + 112 + -28))?
-72
What is the value of (-12 - 0) + (-65 - -99) + -23?
-1
What is (19 - -39) + -43 + -1 + -59?
-45
What is the value of (7 - 19) + (9 - (-9 + 15 + 8))?
-17
Calculate 5 + -30 - -120 - (17 - 1) - -3.
82
What is the value of 0 + -43 - -28 - (-71 + -2 + -7)?
65
-30 + 283 - 307 - (-2 - (-2 + 2))
-52
Calculate 7 - (-10 + -14) - 93.
-62
Calculate (-5 - 4) + -7 + 3 - (15 - 3).
-25
What is (-6 + 2 - ((-51 - -30) + 26)) + -3 + -1?
-13
1175 + -1206 + 1 + 27 - (-1 + -71)
69
10 + (-4 - 4 - (5 + (1 - -10)))
-14
Calculate -39 + 11 - 46 - -35.
-39
-121 - 4 - (1 + (1 - (3 - (-2 - 8))))
-114
Evaluate -149 + 159 + (90 - -10).
110
What is the value of -66 - -65 - (12 - -2) - (12 + -7)?
-20
Evaluate -67 + (11 - 18) + 47.
-27
-31 + (97 + -6 - -16) - 29 - (10 + -1)
38
Evaluate -9 + 3 + (-17 + 0 - (-394 + 373)) - -10.
8
-12 - (0 - 27 - 5) - (100 + -2)
-78
What is (-119 + 55 - -32) + 3?
-29
12 + 2 - (30 + -14 + -41)
39
What is the value of -9 + (-16 - (-8 - 0) - (21 + -79))?
41
Evaluate -24 + (70 - 25) + -42.
-21
(-3 - (-2 - 2)) + -133 + 187
55
What is (57 - (-12 + 72)) + 0 + -55 + 4?
-54
(-8 - (-6 - 2)) + -49 - (-3 - (-7 + -4))
-57
Calculate 45 - -89 - 101 - (142 - 2).
-107
Calculate -28 + 6 + 7 + (21 - (2 - 6)).
10
Calculate 724 - 740 - (-18 - -1) - -41.
42
What is 59 + 165 + -198 - (0 + -9)?
35
Evaluate 11 + -50 + 93 - 12.
42
What is -3 - (-33 + 103 - 42)?
-31
What is the value of 10 - (-1 + -15 - -9 - 14)?
31
Evaluate 304 + -252 + (-5 - -1 - 0 - 8).
40
What is 31 - -15 - (33 + -2)?
15
Calculate -26 + -13 + 66 + -7 + 42.
62
Calculate (24 - 15) + (2 - (11 - 11 - 36)).
47
-11 + -3 + 28 + 42 + -1 + 15
70
-11 - ((-36 - (0 + -12)) + (-13 - -12)) - 57
-43
Calculate 41 - 2 - (-125 - -126).
38
What is -2 + -25 - (1219 - 1191)?
-55
Calculate (-2 - -15) + (-28 - -52) + 3 + 0.
40
Evaluate -28 + 5 + (26 - 18).
-15
What is 2 + 0 - (-10 + 54 - 22 - 9)?
-11
-21 + -2 - (-47 - (32 + -150))
-94
What is -31 - 5 - (3716 - 3715)?
-37
What is the value of 58 + -210 + 73 + -2?
-81
What is 2 - (18 + -14 + 8 + -48)?
38
Calculate (-7 + 43 - 8) + (7 + -13 - 9).
13
What is 3 + -14 + 14 + 8 + -7?
4
-17 + 28 + 2 - (-4 + 18 - (-9 + 0))
-10
Evaluate (-7 - ((-37 - -20) + 32)) + 17 + 95 + -2.
88
What is -117 - (8 + 83 + -106)?
-102
Evaluate 0 + -1 + 1 + -16 + (-272 - -154).
-134
What is 60 - (0 - (-30 + 1))?
31
Evaluate -47 + (26 - 7 - 44).
-72
-65 + -21 - (-2 - 8)
-76
What is 16 + (6 - 11) + -3 + -41 + -1?
-34
Evaluate -71 + (9 - 13) + (8 - 19 - 2).
-88
Calculate (1 - 13) + 8 + (-8 - (-18 + 2 + 8)).
-4
42 - (-19 + (1 - -27 - 24))
57
Calculate (-29 - 8) + -694 + 718.
-13
15 - (0 + -28 + 80)
-37
-1 + (-45 + 28 - (4 - 68))
46
Calculate -5 + 28 + -10 - (43 - 3 - 9).
-18
Evaluate -6 + (12 + 1 - 13 - (-124 + (19 - 7))).
106
Calculate -3 + -16 + 3 + 29 + 30.
43
What is -5 - (12 + -69 + 2 + 1 - (-30 - -34))?
53
(23 - -6) + -57 + -4 + 2 + -1
-31
Evaluate 0 + -6 - (-13 + (33 - 19)) - -29.
22
(-9 - -32 - 30) + (2 - (93 + 3 - -1))
-102
Evaluate 43 - ((84 - 3) + -90).
52
-133 + 77 + -43 + (-5 - -7)
-97
Evaluate -66 + (-6 - -41) - -34.
3
What is 865 + -813 + (-2 - 15) - -19?
54
Calculate (14 - (12 - 3)) + 9 - -8.
22
Evaluate -123 - (99 + -73 - 81).
-68
What is (-17 - 4) + (-54 - (-236 + 65))?
96
Evaluate -8 - (59 - (4 - 3) - (-21 + 21)) - 7.
-73
-41 - (-166 - -41 - -48)
36
What is (0 - 32) + -12 + -84 + 111 - -14?
-3
(-78 - (7 - 10)) + 2 + 1 + (-54 - -47)
-79
Evaluate -12 + -46 + 3 + -2 + (1341 - 1350).
-66
What is the value of 113 + (-48 - (25 - 11))?
51
What is the value of 89 - 8 - (45 - (98 + -23))?
111
What is the value of 61 - -24 - (-48 - -110)?
23
Evaluate 16 + -14 + (-50 + (2 - 0) - (-30 - -29)).
-45
-11 + -5 + 8 + 18 - 7
3
What is the value of (10 - (1 + 5 + -13 + 9)) + (3 - 52)?
-41
Calculate (-43 - 52) + 63 - -1.
-31
What is 1 + -7 + (15 - 57) - (1 - (28 - 17))?
-38
What is 40 - (21 + (32 + -17 - 17))?
21
-791 + 775 + -46 + -2 - (6 - 1)
-69
Calculate (123 - 101) + (-4 - (-2 - (3 + 5))).
28
What is 7 + (19 - 5) + (-31 - (2 + -37))?
25
15 - (-14 + (10 - -3) + -1 + -15)
32
(15 - (26 - 24)) + 7 + (-7 - 5)
8
(9 - 10) + (-14 + -9 - 30)
-54
What is the value of (-1 + 60 - (-405 + 416)) + 4 + -18?
34
-36 - (-18 - -7 - (-6 + -15 + 23))
-23
Evaluate (9 - (26 - -3 - 5)) + 96.
81
What is (15 - (-13 + 37)) + (16 - (50 + 2))?
-45
What is -16 + -6 + -1 + 45 + -20?
2
Evaluate 56 + -57 + -3 + (0 + 5 + -2 - -29).
28
What is the value of 5 + (3 - (1 + -5)) - 12 - -44?
44
What is the value of 242 + -249 + (1 + -3 - (2 - 0)) - -5?
-6
Calculate (-86 - -52) + 40 + -93.
-87
Evaluate (-8 - 27) + 24 - (-1 + (-3 - 24) + 3).
14
What is the value of (-6 - -6) + -37 + 17 + -26?
-46
Evaluate 37 - ((-3 - 1) + (70 - 60)).
31
Calculate (421 - 442) + (4 + 1 - -92).
76
Calculate -489 + 465 - (-33 - 0) - 45.
-36
Calculate 2 - (4 - (-3 + 2)) - (294 + -239).
-58
Calculate (5 - -56) + 14 + -58.
17
Evaluate (3079 - 3058) + (-1 - 53).
-33
80 + (0 - -9 - 12)
77
Evaluate 6 - 0 - -1 - (8 - -17 - -16).
-34
Evaluate (5 - 25) + (-34 - -102).
48
18 - ((146 - 108) + -20 + 0)
0
What is the value of 41 + -1 + (-1 - (1 - -1)) + 476 + -461?
52
What is 15 + -28 + (2 - -5) - (37 + 2)?
-45
Evaluate -12 + 7 + -2 + -3 + 7 + 4 - -2.
3
What is the value of -3 + (9 - (-17 + 35)) - (21 + 0)?
-33
Evaluate 9 + -1 + (3561 - 3597).
-28
Calculate (184 - 25 - 77) + -59.
23
Evaluate -9 + (54 - (-30 - -24)) + -30.
21
Calculate -3 + 1 + -68 - (-12 - (-55 - -49)).
-64
-12 + 15 + (-31 - 3) - -35
4
26 + 53 + -26 + -37
16
Calculate -37 - (-27 - (-13 + 7)) - -15.
-1
Evaluate (11 + 12 + -24 - -11) + -1.
9
Calculate 9 + (-61 - (-11 + (10 - -13))).
-64
Calculate -11 - (3 + -1) - (-20 - (-21 + 10)).
-4
What is 7 + -14 + -119 + (22 - -11 - 48)?
-141
What is the value of -2 - (19 - (18 + -26 + -10))?
-39
Evaluate -47 + -39 + 94 - -52.
60
Calculate -65 + (-35 - ((-29 - -5) + 21)).
-97
What is the value of (58 - 25) + -24 + 4 + 1 + 40?
54
Calculate -14 + (114 + 116 - 114).
102
36 + -1 + -25 - (9 + 2) - 38
-39
Evaluate 16 + -38 + (13 - -11) + 0 + 1.
3
Evaluate -66 + (-95 + 75 - (-16 + 8 + -5)).
-73
Evaluate 18 - -1 - (41 + -50 + -5 - -35).
-2
Calculate (-23 - -44) + -13 + -4 + -96.
-92
What is (-12 - (-9 - -9) - -30 - -89) + 1 + -8?
100
What is (25 - (5 - -14) - 13 - (7 - -1)) + 156?
141
What is (-21 + 2 - 34) + 56?
3
Calculate (-5 - (11 + 0)) + -9 - -14.
-11
-40 - (26 - (18 - -51))
3
What is the value of (7 - 78) + (40 - -47)?
16
Evaluate 14 - (-5 - -10) - (1 - -42 - (236 - 216)).
-14
What is the value of 1 - -1 - (2106 - 2120)?
16
What is (-66034 - -66025) + (1 + -3 - -3 - (0 + -11))?
3
What is the value of -4 - (60 + (28 - 42) + (-4 - 2))?
-44
(25 - (56 - 107)) + -4
72
What is -25 - ((-3 - -25 - 45) + 42)?
-44
Evaluate -5 + 10 + -3 - (9 + (-11 - 52)).
56
(-1 - -23) + (24 + -2 + -4 - -66)
106
Calculate -17 + 1 - (0 + 21 - (23 - 50 - -38)).
-26
Evaluate 118 + -154 - (12 + (4 - 17)).
-35
Evaluate -8 + 1 + (79 + -48 - 46).
-22
What is the value of -9 + 3 - (0 - -1) - (5 + (-32 - 9))?
29
What is -64 - (-132 - -207 - 116)?
-23
What is 7 + -3 + 3 - 14 - (-5 - 60 - -18)?
40
-3 + (74 - -4) + (-258 - -248) - 15
50
What is the value of 32 - -1 - 0 - (3078 + -3063)?
18
Evaluate 10 - (-4 + 22 + 20 + -8).
-20
Evaluate 0 + (3 - 16 - -1) + (916 - 910).
-6
(65 - 3) + (-1 - (7 - ((-13 - 2) + 13)))
52
What is -12 - -27 - (17 - 37)?
35
What is the value of -19 + 15 - ((-6 - -15) + -7) - 21?
-27
What is (-37 - -14 - (64 - 89)) + -18?
-16
What is the value of 42 + -34 + -34 + -4?
-30
-7 - (3 - -15 - (19 + -12 + 3 - 7))
-22
-5 - (2 - (10 + -5)) - -17 - (-48 +